se 0*d = -2*d + f, 2*d = -4*f - 20. List the prime factors of d/((-16)/6 + 2).
3
Let d(t) = t**3 - 2*t**2 + 48. Let w(y) = -y**2 + 6*y + 7. Let o be w(7). List the prime factors of d(o).
2, 3
Suppose -5*b + 44 = -3*b. List the prime factors of b.
2, 11
Suppose 0 = -6*i + 3*i + 90. Let l = -18 + i. What are the prime factors of l?
2, 3
Let j(f) = -f**2 + 39. List the prime factors of j(0).
3, 13
List the prime factors of 3/12 + (-1595)/(-4) + -3.
2, 3, 11
Let p(q) = 3*q**3 + q**2 - 2*q + 1. Let u be p(2). Suppose -9 = -2*f + u. Suppose y - f = 5. List the prime factors of y.
2, 11
Let m(b) = -b**3 - b**2 + b - 94. Let z be m(0). What are the prime factors of z/(-8) - 3/(-12)?
2, 3
Let x be (2 - 3)*(2 - 5). Suppose 0 = -4*l - 3*d + x, 2*d = 2. Suppose l = -f - 2*f + 12. List the prime factors of f.
2
Suppose 3 = -4*u + 3*d, -d = 2*u - 0 - 1. Suppose 0 = -2*o - u + 4. List the prime factors of o.
2
Let u(i) = i**3 + 5*i**2 - 3*i - 4. Let c be u(-5). List the prime factors of (c + -4)*(-2 - -7).
5, 7
Suppose -19 = -p + 35. Suppose l - 3*l + p = 0. List the prime factors of l.
3
Let p(a) = 15*a - 2. What are the prime factors of p(6)?
2, 11
Let a(b) = b**2 - 2*b + 4. What are the prime factors of a(-5)?
3, 13
Let q = 3 - 0. Let w = -14 + 16. What are the prime factors of (w/q)/((-4)/(-42))?
7
Suppose 0 = 2*q - 0*q - 40. List the prime factors of q.
2, 5
Let y = -8 - -3. What are the prime factors of (-3 - -8)*(-8)/y?
2
Let i = 7 + -14. Let p(k) = k + 3. Let v be p(-3). Let s = v - i. What are the prime factors of s?
7
Let x be 30/(-20) + 33/2. Suppose -5*d = -90 - x. What are the prime factors of d?
3, 7
Suppose g = 61 - 0. What are the prime factors of g?
61
Suppose 2*a + 17 = -5*q, 3 = -3*a - q - 3. List the prime factors of 3*a - (7 - 40).
2, 3, 5
Let d = 3 + -3. Suppose -4*i + 9*i + 15 = d, 0 = 4*a - 4*i - 64. What are the prime factors of a?
13
Let s be 1*10/(-8)*-28. Let g = -7 - -9. Suppose g*v = -b + 16, 0 = -4*v + 2*b + s + 13. List the prime factors of v.
2, 5
Let x be 1 + (1 + -7)*1. Let f = x - -16. What are the prime factors of f*(-2)/(-2) - 1?
2, 5
Let p(v) = 14*v**2 + 5*v - 9. What are the prime factors of p(2)?
3, 19
Suppose -2*y + 1 = -3. Suppose -4 = -a + y*t + 8, -4*a + t = -13. Suppose 0 = -4*m + 8, -a*g + 3*m = -4*g + 14. What are the prime factors of g?
2
Suppose -5*j - 3*i + 8 = 0, 0*i - 3*i = -j - 2. Suppose -3*y + j = -2*d, 5*d + 0*y = -4*y + 55. List the prime factors of d.
7
Let b(d) = -2*d - 9. Let t be b(-6). Let c(j) = 0 - 6*j + 8 - j**2 - t - 2. List the prime factors of c(-6).
3
Let u be 16/(-3)*6/(-4). Let h = -5 + u. List the prime factors of h.
3
List the prime factors of (12/(-9))/(16/(-4104)).
2, 3, 19
Let q(h) = 4*h**2 - 2*h + 4. What are the prime factors of q(-3)?
2, 23
Suppose -i = 3*t - 12, 5*i = -t - 0*t + 18. Let u be (-99)/6*(-2)/t. Let g = -7 + u. List the prime factors of g.
2
Let q = -14 - -18. Suppose -2*o + t + 13 = 0, -15 = -0*t + 5*t. Suppose z - o = q. List the prime factors of z.
3
Let y = 26 + -23. Let u = 14 + 9. Suppose u = p + y. List the prime factors of p.
2, 5
Let w = 14 - -29. What are the prime factors of w?
43
Let s(x) = 11*x. Let f be s(2). Let v = f + -14. What are the prime factors of v?
2
Let z(g) = -g**2 + 2*g + 3*g**3 + 2*g**3 - 1 - g**2. Let f be z(1). Suppose f*v + 0*v = 12. List the prime factors of v.
3
List the prime factors of 213/4 + 9/12.
2, 3
Let w be 32*(0 + (-1)/(-2)). Suppose 2*i - w = -0*i. What are the prime factors of i?
2
Suppose -4*g = 9*g - 3276. What are the prime factors of g?
2, 3, 7
Let m = 489 - 266. List the prime factors of m.
223
Let h be (-186)/(-66) - (-2)/11. Suppose h*u = -1 + 7. Suppose r = -u*r + 30. List the prime factors of r.
2, 5
Let g(v) = -v**2 + 11*v - 7. Suppose -3*u + 14 = 5*k, -27 = -4*u + 3*k + 11. Let n be g(u). List the prime factors of (n - 3)/(-2 + 3).
2, 7
Suppose 5*b - 202 = 48. Suppose b = 6*f - 124. List the prime factors of f.
29
Let c(d) = d**2 - 2*d + 3. List the prime factors of c(0).
3
Suppose 5*b - 9 = -5*k + 3*b, -4*k = 4*b. Let v = 3 - k. Let y = v - -9. What are the prime factors of y?
3
Let s(l) = -l - 1. Let y(j) = 15*j + 18. Let a(m) = 12*s(m) + y(m). List the prime factors of a(9).
3, 11
Let k(o) = -o**2 + 10*o - 9. Let t be k(6). Suppose 7*q - t = 2*q. Let x = 6 - q. What are the prime factors of x?
3
Suppose -5*z - 24 + 99 = 3*h, 50 = 2*h + z. Suppose 4*u - 3 = h. Let i = u + 7. List the prime factors of i.
2, 7
Let s(p) = -2*p + 5. Let o(r) = 3*r - 9. Let n(t) = -3*o(t) - 5*s(t). What are the prime factors of n(8)?
2, 5
Suppose 0 = -j - 8*j + 333. What are the prime factors of j?
37
What are the prime factors of (-3)/(-9) + (-628)/(-6)?
3, 5, 7
Suppose 0*y - 16 = -4*y. Suppose -12 - 12 = -y*z. What are the prime factors of z?
2, 3
Let p(o) = 17*o - 43. List the prime factors of p(8).
3, 31
Suppose 0 = -3*v + v + 32. Let m = 3 + v. Let r = -11 + m. List the prime factors of r.
2
Suppose -3*v = -0*v + 3*l - 36, 8 = 2*v - 2*l. Suppose 0 = -4*m + v. Suppose -3*u + 25 = m*u. What are the prime factors of u?
5
Suppose 117 = 9*d - 6*d. List the prime factors of d.
3, 13
Let s be (3/(-2))/((-3)/(-8)). Let l be (-3)/(-9) + 121/(-3). What are the prime factors of ((-2)/(-4))/(s/l)?
5
Let r be 2/15 + (-3948)/(-90). Let n = r - 0. What are the prime factors of n?
2, 11
Suppose 3*z = 2*k - 2 + 5, 0 = -k + 2*z - 1. What are the prime factors of (-1 - 0) + (5 - k)?
7
Suppose 16 = 4*m + f, -5*m = -2*f + 2 - 9. Suppose -2*s - 5*i + 70 = 3*s, -4*s - m*i + 57 = 0. List the prime factors of s.
3, 5
Let v(d) = -d**3 - d**2 - d. Let g be v(0). List the prime factors of 10 + (g/3)/2.
2, 5
Let b be ((-3)/(-6))/(2/(-44)). Let u = b + 21. Suppose -u = -2*h - 2. What are the prime factors of h?
2
Let x be (-18)/24*(-16)/6. Let s(j) = 7*j**3 - 2*j**2 + 2*j - 2. Let k be s(x). Let m = k + -33. List the prime factors of m.
17
Let l(x) = 3*x - x**3 + 5 - 7 + 4*x**2 + 4*x - 4. What are the prime factors of l(5)?
2
Let n = -1 + 6. Suppose -v + n = -6. List the prime factors of v.
11
Let m be 2/(-8) + (-500)/(-16). Suppose 0 = -3*s + m + 68. Suppose -4*x = -x - s. List the prime factors of x.
11
Let n = -25 - -38. Suppose -2*q - 43 = 5*o, -5*q + 4*o - 3*o - 40 = 0. Let j = n + q. What are the prime factors of j?
2
Let v = -11 + 8. Let p = v + 3. Suppose -4*r + 45 = -p*r + 5*f, 3*f - 3 = 0. What are the prime factors of r?
2, 5
Suppose o - i - 12 = 2*i, -5*i - 24 = -3*o. Suppose -q = -z + o, 3 = z + q + q. Suppose 3*k = -s + 11, 5*s + z*k = 5*k + 72. What are the prime factors of s?
2, 7
Suppose 0 = 5*u - 3*u - 10. Suppose -2*l + 29 = -u*s, -l - 4*s + 7*s = -16. Suppose 4*a - 4*r = l*a - 31, -39 = -4*a - 3*r. What are the prime factors of a?
3
Let o(s) = -15*s**3 - s**2 + 4*s + 5. What are the prime factors of o(-2)?
113
Let z be (-81)/12*(1 - 5). Let m = z - 16. What are the prime factors of m?
11
Let l be 6/(-3) + (1 - -4). What are the prime factors of 5 - l/(-5 + 2)?
2, 3
Let n be (-3 + 4)*2 - 46. Let h = -9 - n. List the prime factors of h.
5, 7
Let s(p) = 2*p**2 - 17*p - 63. List the prime factors of s(17).
2, 113
Let x = 8 + -13. List the prime factors of (-5 + 9)*x/(-2).
2, 5
Let x(u) = 3*u**2 + 3*u - 3. List the prime factors of x(-4).
3, 11
Suppose 3*f = -4*l - 5, -l + 0 = -4*f - 13. What are the prime factors of (4 - -5)/(f/(-10))?
2, 3, 5
Let u(b) = b**3 - 6*b**2 + 3*b + 2. Let r be u(4). List the prime factors of (r + -3)/1*-1.
3, 7
Let p = -10 - -5. Let q = p - -11. What are the prime factors of (1/(-2))/((-1)/q)?
3
Suppose -3*n + 3 = -4*o - 8*n, 0 = 2*o + 2*n. Suppose 0 = -o*g - x - 11 + 30, 3*g = 2*x + 25. What are the prime factors of g?
7
Let w(t) be the first derivative of -t**4/4 + 4*t**3/3 + 3*t**2 - 2*t + 3. What are the prime factors of w(5)?
3
What are the prime factors of (2010/4)/(-5)*(-4)/3?
2, 67
Let p(h) = -8*h**2 - 14 + 9*h + 6 + 0*h**2 + h**3. Suppose s + 0*m + 4*m = 19, -36 = -3*s - 5*m. List the prime factors of p(s).
2, 3
Let c be (8/(-12))/((-2)/(-21)). Let t(y) = -y**3 - 8*y**2 - 9*y - 3. What are the prime factors of t(c)?
11
Suppose -m - 2*n = 1, 3*n - 7 = m + 2*n. Let g = m - -15. Suppose 0 = -5*z + 2*i + 3*i + 25, 4*i = -z - g. What are the prime factors of z?
2
Let k = 10 + -16. Let u(v) = v**3 + 6*v**2